{"id":5888,"date":"2016-11-12T00:17:15","date_gmt":"2016-11-12T00:17:15","guid":{"rendered":"http:\/\/politica.themeslr.com\/index.php\/template_about_us\/"},"modified":"2022-10-29T22:15:28","modified_gmt":"2022-10-29T22:15:28","slug":"qui-sommes-nous","status":"publish","type":"page","link":"https:\/\/fondationchretiennedalliance.com\/index.php\/qui-sommes-nous\/","title":{"rendered":"Qui sommes-nous ?"},"content":{"rendered":"<p>[et_pb_section fb_built=&#8221;1&#8243; admin_label=&#8221;Header&#8221; _builder_version=&#8221;4.16&#8243; _module_preset=&#8221;default&#8221; use_background_color_gradient=&#8221;on&#8221; background_color_gradient_direction=&#8221;90deg&#8221; background_color_gradient_stops=&#8221;#ffffff 30%|rgba(255,255,255,0) 30%&#8221; background_color_gradient_overlays_image=&#8221;on&#8221; background_color_gradient_start=&#8221;#ffffff&#8221; background_color_gradient_start_position=&#8221;30%&#8221; background_color_gradient_end=&#8221;rgba(255,255,255,0)&#8221; background_color_gradient_end_position=&#8221;30%&#8221; background_image=&#8221;http:\/\/ishtiaq.sandbox.etdevs.com\/corporate\/wp-content\/uploads\/sites\/37\/2021\/12\/Rectangle_31.jpeg&#8221; custom_padding=&#8221;||0px||false|false&#8221; locked=&#8221;off&#8221; global_colors_info=&#8221;{}&#8221;][et_pb_row column_structure=&#8221;2_3,1_3&#8243; use_custom_gutter=&#8221;on&#8221; gutter_width=&#8221;1&#8243; _builder_version=&#8221;4.18.0&#8243; _module_preset=&#8221;default&#8221; custom_padding=&#8221;||0px||false|false&#8221; global_colors_info=&#8221;{}&#8221;][et_pb_column type=&#8221;2_3&#8243; _builder_version=&#8221;4.18.0&#8243; _module_preset=&#8221;default&#8221; background_color=&#8221;#7e4e24&#8243; custom_padding=&#8221;60px|60px|60px||true|false&#8221; custom_padding_tablet=&#8221;40px|40px|40px||true|false&#8221; custom_padding_phone=&#8221;20px|20px|20px|20px|true|true&#8221; custom_padding_last_edited=&#8221;on|phone&#8221; box_shadow_style=&#8221;preset4&#8243; box_shadow_horizontal=&#8221;-355px&#8221; box_shadow_vertical=&#8221;0px&#8221; box_shadow_color=&#8221;#7e4e24&#8243; global_colors_info=&#8221;{}&#8221;][et_pb_text _builder_version=&#8221;4.18.0&#8243; _module_preset=&#8221;e598b17a-9229-42f6-b238-019d6094332e&#8221; header_font=&#8221;|600|||||||&#8221; header_text_color=&#8221;#FFFFFF&#8221; header_font_size=&#8221;40px&#8221; header_line_height=&#8221;1.1em&#8221; custom_margin=&#8221;||0px||false|false&#8221; header_font_size_tablet=&#8221;40px&#8221; header_font_size_phone=&#8221;24px&#8221; header_font_size_last_edited=&#8221;on|phone&#8221; locked=&#8221;off&#8221; global_colors_info=&#8221;{}&#8221;]<\/p>\n<h1>Qui Sommes-nous ?<\/h1>\n<p>[\/et_pb_text][et_pb_divider color=&#8221;rgba(255,255,255,0.3)&#8221; divider_weight=&#8221;10px&#8221; _builder_version=&#8221;4.16&#8243; _module_preset=&#8221;a9fcc5b1-74c5-43b4-b776-3e310da5f3e8&#8243; z_index=&#8221;10&#8243; max_width=&#8221;260px&#8221; height=&#8221;10px&#8221; custom_margin=&#8221;-32px||30px||false|false&#8221; custom_margin_tablet=&#8221;-27px||||false|false&#8221; custom_margin_phone=&#8221;-18px||||false|false&#8221; custom_margin_last_edited=&#8221;on|phone&#8221; global_colors_info=&#8221;{}&#8221;][\/et_pb_divider][et_pb_text _builder_version=&#8221;4.16&#8243; _module_preset=&#8221;22d0da71-6393-430b-a0cd-b77dd565e85c&#8221; text_text_color=&#8221;rgba(255,255,255,0.7)&#8221; text_line_height=&#8221;1.8em&#8221; custom_margin_tablet=&#8221;|||-60px|false|false&#8221; custom_margin_phone=&#8221;|||0px|false|false&#8221; custom_margin_last_edited=&#8221;off|desktop&#8221; text_font_size_tablet=&#8221;15px&#8221; text_font_size_phone=&#8221;14px&#8221; text_font_size_last_edited=&#8221;on|phone&#8221; header_font_size_tablet=&#8221;55px&#8221; header_font_size_last_edited=&#8221;off|desktop&#8221; locked=&#8221;off&#8221; global_colors_info=&#8221;{}&#8221;]<\/p>\n<ul>\n<li>La Fondation Chr\u00e9tienne d\u2019Alliance est une association confessionnelle appel\u00e9e \u00e0 combattre les h\u00e9r\u00e9sies par les conf\u00e9rences et les enseignements bibliques.<\/li>\n<\/ul>\n<p>[\/et_pb_text][\/et_pb_column][et_pb_column type=&#8221;1_3&#8243; _builder_version=&#8221;4.18.0&#8243; _module_preset=&#8221;default&#8221; global_colors_info=&#8221;{}&#8221;][et_pb_button button_text=&#8221;Contactez-nous&#8221; _builder_version=&#8221;4.18.0&#8243; _module_preset=&#8221;ec1c8900-b8c6-4613-b437-dca1263aa061&#8243; custom_button=&#8221;on&#8221; button_text_size=&#8221;14px&#8221; button_text_color=&#8221;#000000&#8243; button_bg_color=&#8221;#FFFFFF&#8221; button_border_width=&#8221;0px&#8221; button_border_radius=&#8221;0px&#8221; button_font=&#8221;|700|||||||&#8221; custom_padding=&#8221;40px|20px|40px|20px|true|true&#8221; locked=&#8221;off&#8221; global_colors_info=&#8221;{}&#8221;][\/et_pb_button][\/et_pb_column][\/et_pb_row][\/et_pb_section][et_pb_section fb_built=&#8221;1&#8243; admin_label=&#8221;About&#8221; _builder_version=&#8221;4.16&#8243; _module_preset=&#8221;default&#8221; global_colors_info=&#8221;{}&#8221;][et_pb_row column_structure=&#8221;3_5,2_5&#8243; use_custom_gutter=&#8221;on&#8221; gutter_width=&#8221;4&#8243; _builder_version=&#8221;4.16&#8243; _module_preset=&#8221;default&#8221; global_colors_info=&#8221;{}&#8221;][et_pb_column type=&#8221;3_5&#8243; _builder_version=&#8221;4.16&#8243; _module_preset=&#8221;default&#8221; global_colors_info=&#8221;{}&#8221;][et_pb_image src=&#8221;http:\/\/ishtiaq.sandbox.etdevs.com\/corporate\/wp-content\/uploads\/sites\/37\/2021\/12\/Rectangle_32.jpeg&#8221; title_text=&#8221;Rectangle_32&#8243; _builder_version=&#8221;4.16&#8243; _module_preset=&#8221;default&#8221; width=&#8221;80%&#8221; global_colors_info=&#8221;{}&#8221;][\/et_pb_image][et_pb_image src=&#8221;http:\/\/fondationchretiennedalliance.com\/wp-content\/uploads\/2022\/10\/african-american-male-friends-standing-park-discussing-bible-2.jpg&#8221; title_text=&#8221;African-American male friends standing at the park and discussing the Bible&#8221; align=&#8221;right&#8221; align_tablet=&#8221;left&#8221; align_phone=&#8221;left&#8221; align_last_edited=&#8221;off|desktop&#8221; _builder_version=&#8221;4.18.1&#8243; _module_preset=&#8221;default&#8221; width=&#8221;60%&#8221; custom_margin=&#8221;-30%||||false|false&#8221; custom_margin_tablet=&#8221;0px|0px|||false|false&#8221; custom_margin_phone=&#8221;0px|0px|||false|false&#8221; custom_margin_last_edited=&#8221;off|desktop&#8221; hover_enabled=&#8221;0&#8243; box_shadow_style=&#8221;preset2&#8243; box_shadow_horizontal=&#8221;0px&#8221; box_shadow_vertical=&#8221;60px&#8221; box_shadow_blur=&#8221;60px&#8221; box_shadow_color=&#8221;rgba(0,0,0,0.15)&#8221; global_colors_info=&#8221;{}&#8221; sticky_enabled=&#8221;0&#8243;][\/et_pb_image][\/et_pb_column][et_pb_column type=&#8221;2_5&#8243; _builder_version=&#8221;4.16&#8243; _module_preset=&#8221;default&#8221; global_colors_info=&#8221;{}&#8221;][et_pb_divider color=&#8221;rgba(76,89,76,0.24)&#8221; divider_weight=&#8221;5px&#8221; _builder_version=&#8221;4.16&#8243; _module_preset=&#8221;ce0e852d-65f7-4b50-97d9-c94701b6b484&#8243; max_width=&#8221;210px&#8221; height=&#8221;5px&#8221; custom_margin=&#8221;-24px||30px||false|false&#8221; custom_margin_tablet=&#8221;-22px||||false|false&#8221; custom_margin_phone=&#8221;-18px||||false|false&#8221; custom_margin_last_edited=&#8221;on|phone&#8221; global_colors_info=&#8221;{}&#8221;][\/et_pb_divider][et_pb_toggle title=&#8221;Quelles sont nos m\u00e9thodes d\u2019approche ?&#8221; _builder_version=&#8221;4.18.0&#8243; _module_preset=&#8221;default&#8221; custom_margin=&#8221;||17px|||&#8221; global_colors_info=&#8221;{}&#8221;]<\/p>\n<ul>\n<ul>\n<li>Nous publions les enseignements bibliques sur les points difficiles de la bible.<\/li>\n<li>Nous \u00e9ditons les livres chr\u00e9tiens ax\u00e9s sur les enseignements bibliques ainsi que les ouvrages scientifiques de nos domaines d\u2019intervention.<\/li>\n<li>Nous organisons nos cultes \u00e0 Kinshasa en unique Assembl\u00e9e Chr\u00e9tienne d\u2019Alliance, cela au sein de notre si\u00e8ge social repris ci-haut.<\/li>\n<\/ul>\n<\/ul>\n<p>[\/et_pb_toggle][et_pb_toggle title=&#8221;Quelle est notre sp\u00e9cialit\u00e9 ?&#8221; _builder_version=&#8221;4.18.0&#8243; _module_preset=&#8221;default&#8221; custom_margin=&#8221;||17px|||&#8221; global_colors_info=&#8221;{}&#8221;]<\/p>\n<ul>\n<ul>\n<li>Nous organisons les cours bibliques ax\u00e9s sur l\u2019ancien testament.<\/li>\n<li>Nous organisons les sessions de formation en Leadership et en Audit technique.<\/li>\n<\/ul>\n<\/ul>\n<p>[\/et_pb_toggle][et_pb_toggle title=&#8221;Quelles sont nos sources de financement ?&#8221; _builder_version=&#8221;4.18.0&#8243; _module_preset=&#8221;default&#8221; custom_margin=&#8221;||17px|||&#8221; global_colors_info=&#8221;{}&#8221;]<\/p>\n<ul>\n<ul>\n<li>Nos activit\u00e9s sont financ\u00e9es par les cotisations de nos membres,<span> <\/span>la vente des livres et nos revenus de formations.<\/li>\n<\/ul>\n<\/ul>\n<p>[\/et_pb_toggle][et_pb_toggle title=&#8221;Quels sont nos collaborateurs ?&#8221; _builder_version=&#8221;4.18.0&#8243; _module_preset=&#8221;default&#8221; custom_margin=&#8221;||17px|||&#8221; global_colors_info=&#8221;{}&#8221;]<\/p>\n<ul>\n<ul>\n<li>Nous collaborons avec toutes les \u00e9glises qui souhaitent nos conf\u00e9rences et publications<\/li>\n<\/ul>\n<\/ul>\n<p>[\/et_pb_toggle][et_pb_toggle title=&#8221;O\u00f9 sommes-nous affili\u00e9s en plate-forme ?&#8221; _builder_version=&#8221;4.18.0&#8243; _module_preset=&#8221;default&#8221; custom_margin=&#8221;||17px|||&#8221; global_colors_info=&#8221;{}&#8221;]<\/p>\n<ul>\n<ul>\n<li>Nous sommes un organisme affili\u00e9 de l\u2019ECC\/Synode urbain de Kinshasa.<\/li>\n<\/ul>\n<\/ul>\n<p>[\/et_pb_toggle][\/et_pb_column][\/et_pb_row][\/et_pb_section]<\/p>\n","protected":false},"excerpt":{"rendered":"<p>Qui Sommes-nous ? La Fondation Chr\u00e9tienne d\u2019Alliance est une association confessionnelle appel\u00e9e \u00e0 combattre les h\u00e9r\u00e9sies par les conf\u00e9rences et les enseignements bibliques. Nous publions les enseignements bibliques sur les [&hellip;]<\/p>\n","protected":false},"author":1,"featured_media":0,"parent":0,"menu_order":0,"comment_status":"closed","ping_status":"closed","template":"","meta":{"give_campaign_id":0,"_et_pb_use_builder":"on","_et_pb_old_content":"[vc_row full_width=\"stretch_row\" css=\".vc_custom_1501867680914{margin-bottom: 0px !important;padding-top: 40px !important;padding-bottom: 80px !important;background: #ffffff url(http:\/\/holyspirit.themeslr.com\/wp-content\/uploads\/2016\/02\/overlay_MEMBERS-min.png?id=6814) !important;background-position: 0 0 !important;background-repeat: no-repeat !important;}\"][vc_column][heading_title_subtitle title=\"A propos de nous\" title_color=\"dark_title\" subtitle_color=\"dark_subtitle\" border_color=\"dark_border\"][\/vc_column][\/vc_row][vc_row full_width=\"stretch_row\" lvca_dark_bg=\"true\" animation_in_type=\"transition.fadeIn\" animation_in_offset=\"90\" animation_in_duration=\"600\" animation_in_delay=\"0\" css=\".vc_custom_1501864973337{margin-top: 0px !important;margin-right: 0px !important;margin-bottom: 0px !important;margin-left: 0px !important;padding-top: 100px !important;padding-bottom: 100px !important;background-image: url(http:\/\/holyspirit.themeslr.com\/wp-content\/uploads\/2017\/08\/holyspirit_wordpress_theme_themeslr-41.jpg?id=6778) !important;}\"][vc_column width=\"5\/12\" css=\".vc_custom_1450339501388{padding-top: 0px !important;}\"][lvca_tabs style=\"style5\" mobile_width=\"600\"][lvca_tab tab_title=\"Qui sommes-nous ?\"]\r\n<div class=\"lvca-panel lvca-active\">\r\n<div class=\"lvca-panel-content\">\r\n\r\n&nbsp;\r\n<h2><strong>Fondation\u00a0<\/strong>Chr\u00e9tienne d'Alliance<\/h2>\r\nLa Fondation Chr\u00e9tienne d\u2019Alliance est une association confessionnelle appel\u00e9e \u00e0 combattre les h\u00e9r\u00e9sies par les conf\u00e9rences et les enseignements bibliques.\r\n\r\n<\/div>\r\n<\/div>\r\n[\/lvca_tab][\/lvca_tabs][\/vc_column][vc_column width=\"7\/12\"][lvca_accordion toggle=\"true\"][lvca_panel panel_title=\"Quelles sont nos m\u00e9thodes d\u2019approche ?\"]\r\n\r\nNous publions les enseignements bibliques sur les points difficiles de la bible.\r\n\r\nNous \u00e9ditons les livres chr\u00e9tiens ax\u00e9s sur les enseignements bibliques ainsi que les ouvrages scientifiques de nos domaines d\u2019intervention.\r\n\r\nNous organisons nos cultes \u00e0 Kinshasa en unique Assembl\u00e9e Chr\u00e9tienne d\u2019Alliance, cela au sein de notre si\u00e8ge social repris ci-haut.\r\n\r\n[\/lvca_panel][lvca_panel panel_title=\"Quelle est notre sp\u00e9cialit\u00e9 ?\"]Nous organisons les cours bibliques ax\u00e9s sur l\u2019ancien testament.\r\n\r\nNous organisons les sessions de formation en Leadership et en Audit technique.\r\n\r\n[\/lvca_panel][lvca_panel panel_title=\"Quelles sont nos sources de financement ?\"]\r\n\r\nNos activit\u00e9s sont financ\u00e9es par les cotisations de nos membres, la vente des livres et nos revenus de formations.\r\n\r\n[\/lvca_panel][lvca_panel panel_title=\"Quels sont nos collaborateurs ?\"]\r\n<div><span lang=\"fr\">Nous collaborons avec toutes les \u00e9glises qui souhaitent nos conf\u00e9rences et publications<\/span><\/div>\r\n[\/lvca_panel][lvca_panel panel_title=\"O\u00f9 sommes-nous affili\u00e9s en plate-forme ?\"]\r\n\r\nNous sommes un organisme affili\u00e9 de l\u2019ECC\/Synode urbain de Kinshasa.\r\n\r\n[\/lvca_panel][\/lvca_accordion][\/vc_column][\/vc_row]","_et_gb_content_width":"","om_disable_all_campaigns":false,"_monsterinsights_skip_tracking":false,"_monsterinsights_sitenote_active":false,"_monsterinsights_sitenote_note":"","_monsterinsights_sitenote_category":0,"footnotes":""},"class_list":["post-5888","page","type-page","status-publish","hentry"],"aioseo_notices":[],"campaignId":"","_links":{"self":[{"href":"https:\/\/fondationchretiennedalliance.com\/index.php\/wp-json\/wp\/v2\/pages\/5888","targetHints":{"allow":["GET"]}}],"collection":[{"href":"https:\/\/fondationchretiennedalliance.com\/index.php\/wp-json\/wp\/v2\/pages"}],"about":[{"href":"https:\/\/fondationchretiennedalliance.com\/index.php\/wp-json\/wp\/v2\/types\/page"}],"author":[{"embeddable":true,"href":"https:\/\/fondationchretiennedalliance.com\/index.php\/wp-json\/wp\/v2\/users\/1"}],"replies":[{"embeddable":true,"href":"https:\/\/fondationchretiennedalliance.com\/index.php\/wp-json\/wp\/v2\/comments?post=5888"}],"version-history":[{"count":15,"href":"https:\/\/fondationchretiennedalliance.com\/index.php\/wp-json\/wp\/v2\/pages\/5888\/revisions"}],"predecessor-version":[{"id":230868,"href":"https:\/\/fondationchretiennedalliance.com\/index.php\/wp-json\/wp\/v2\/pages\/5888\/revisions\/230868"}],"wp:attachment":[{"href":"https:\/\/fondationchretiennedalliance.com\/index.php\/wp-json\/wp\/v2\/media?parent=5888"}],"curies":[{"name":"wp","href":"https:\/\/api.w.org\/{rel}","templated":true}]}}